pose 0 = -4*d + 16, 3*a - h*a + 2*d = 10. What is the highest common divisor of a and 46?
2
Let j(t) = -24*t**3 + 3*t + 1. Let u be j(-2). Let s(k) = k**2 - 6*k + 10. Let q = -11 + 18. Let d be s(q). What is the highest common divisor of u and d?
17
Let z = -12 - -21. Let j = -605 + 722. What is the highest common divisor of j and z?
9
Suppose 69 - 3 = -3*q. Let a be (-14)/77 - 312/q. What is the greatest common divisor of a and 70?
14
Let q be ((-9)/18)/(1/24). Let b be 56*(1 + q/(-8)). Calculate the highest common divisor of b and 20.
20
Let v(b) = 2*b**2 - 7*b. Let o be v(6). Suppose 2*x - 3*r - 11 = 0, -4*x + x + 15 = -5*r. What is the highest common factor of x and o?
10
Let n(c) = -4*c + 27. Let s be n(5). Suppose -3*x - s = 4*u, -x = -u + 3*u + 1. What is the highest common factor of 1 and u?
1
Let h = -17 - -23. Let v be (h - 8)/(1 - 0). Let n be v/4*-28 - 0. Calculate the highest common divisor of n and 112.
14
Let n = 23 - 10. Let i be (16/(-12) + 1)*n*-6. Calculate the highest common divisor of 104 and i.
26
Let l(w) = 2*w**3 + 14*w**2 - 13*w - 16. Let m be l(-7). Suppose 5*x + 0*q - 25 = 2*q, -6 = 3*x + 3*q. Calculate the greatest common divisor of x and m.
3
Suppose 14 = -3*q + 23. Let h(d) = 8*d**3 + 2*d - 1. Let o be h(1). Suppose -q*m - o = -4*m. Calculate the highest common factor of m and 1.
1
Let o(d) = d + 3. Let h be o(-5). Let n be (8 - 2)*(-3)/h. Let p(l) = 6*l**2 - 2*l - 2. Let a be p(2). What is the highest common factor of n and a?
9
Let l(w) = w**3 - 5*w**2 + w - 4. Let a be l(5). Suppose -2*v + b + a = 0, 0 = -4*v - 3*b + 5 + 2. Calculate the greatest common factor of v and 8.
1
Let b = 398 - 380. What is the highest common divisor of b and 99?
9
Suppose s = -6*s + 63. Suppose -92 = -s*c + 124. Calculate the greatest common factor of c and 48.
24
Suppose 5*m = 12*x - 7*x + 1825, 0 = 2*m - x - 728. What is the highest common factor of 3 and m?
3
Suppose -22 = -q + 2*b, 0 = 16*q - 20*q + 4*b + 68. Let r(l) = -2*l - 6. Let m be r(-9). Calculate the greatest common factor of q and m.
12
Let d be (16/(-6))/((-2)/(-12)). Suppose -z = 5, -2*s + z - 2*z = -53. Let v = s - d. What is the highest common divisor of 18 and v?
9
Let l be ((-16)/(2 + 2))/(4/4). Let n be (-3 - -5)*l/8 + 66. Calculate the highest common factor of n and 13.
13
Suppose -6*c + 4 + 32 = 0. Calculate the highest common divisor of 33 and c.
3
Suppose 12 = 4*j - 12. Let v = j - -7. Calculate the greatest common factor of v and 52.
13
Suppose -8*i + 250 = -3*i. Suppose 99 = 3*m - 4*j + j, 150 = 5*m - 2*j. Suppose -30*u + 20 = -m*u. Calculate the highest common divisor of u and i.
10
Suppose 36 = 5*w - 189. Let b = 79 - w. Let t = -136 - -272. What is the greatest common factor of t and b?
34
Let n = 132 + -76. Let u(y) = 28*y**2 + 4*y + 4. Let m be u(-1). What is the highest common factor of m and n?
28
Suppose 8*h = 3*h + 130. Let k = 175 - -22. Let g = k + -132. Calculate the greatest common factor of g and h.
13
Let x(l) = 2*l**2 + 2*l + 507. Let j be x(0). Suppose 16*m - j = 3*m. What is the greatest common divisor of m and 195?
39
Let i(u) = 12*u + 521. Let r be i(-40). Calculate the greatest common divisor of r and 451.
41
Suppose 4*i - 9 = 11. Suppose -i*b + 20 = k, -3*k - k + 65 = 5*b. What is the greatest common divisor of k and 10?
5
Let k = 676 + -328. Calculate the greatest common factor of k and 36.
12
Suppose d = 5, -w + 2*d = d - 2. Suppose 27 = w*a - 8. Calculate the highest common factor of 45 and a.
5
Suppose -4*c + 2*x + 294 = 0, -4*x + 90 = c + x. What is the highest common factor of c and 325?
25
Suppose -3*j + 681 + 1200 = -3*f, -2*j + f + 1257 = 0. Suppose 69*q = 64*q + j. What is the highest common divisor of q and 36?
18
Let b be -7*(188/(-126) - 44/198). What is the greatest common factor of 56 and b?
4
Let q(s) = 6*s**2 - 2*s - 12. Let u be q(5). Suppose -2*k + 64 + u = 0. Suppose 4*x - k = 8. What is the highest common factor of 65 and x?
13
Let h be 6/(-15)*-3*(-15)/(-6). Suppose 0 = 3*l + 4*k - 11, -h*k = 10 + 2. Calculate the highest common factor of l and 6.
3
Let s be (85 + -12 - (0 - 2)) + 1. Calculate the greatest common factor of s and 4.
4
Let l(x) = 11*x - 1. Let a = -1 + 3. Let c be l(a). Let f be c/14*(-20)/(-6). What is the highest common factor of f and 5?
5
Suppose 4*b + 2*k = 232, 4*k - 110 = 3*b - 5*b. Let m = 120 - b. Suppose -49 = -5*h + m. What is the greatest common factor of h and 2?
2
Let w(t) = 2*t**2 + 4*t - 3. Let v be w(2). Let y be (-3 - 984/(-18)) + 2/6. What is the highest common factor of v and y?
13
Let b(w) = -103*w + 120. Let s be b(-3). Calculate the highest common factor of s and 195.
39
Suppose 38*z = 184 + 386. Calculate the highest common factor of 105 and z.
15
Let p = 167 - 116. Let j(x) = 13*x + 3 - p*x - 1. Let h be j(-1). Calculate the highest common divisor of 10 and h.
10
Let p be 18/5*5/1. Let r = p + -8. Let t(q) = -q**3 + 9*q**2 + 14*q - 7. Let w be t(r). Calculate the greatest common factor of w and 11.
11
Let f = 183 - 180. Suppose -v - 30 + 124 = 2*y, f*y + v = 142. Suppose -2*a = 2*a - 48. Calculate the greatest common factor of y and a.
12
Let z = 311 - 139. Suppose -2*a + 4*a + 4*c - z = 0, 0 = -2*a - 5*c + 173. What is the highest common divisor of 12 and a?
12
Suppose -3*z - 3*y + 66 = -0*z, -5*y = -3*z + 42. Calculate the highest common divisor of z and 323.
19
Suppose -d = 53 - 61. Calculate the highest common divisor of 8 and d.
8
Suppose -5*m + 9482 = -3*k, 0 = 4*m + 189*k - 188*k - 7589. What is the highest common divisor of m and 7?
7
Let k be 3/1 + (7 - 8). Calculate the highest common divisor of 110 and k.
2
Let f be -6*(-44)/(-16)*-16. Let i(z) = -z**3 + 6*z**2 + 3*z + 6. Let b be i(6). Calculate the highest common divisor of f and b.
24
Let q = 2 - -38. Let o be 2 + -5 - 0 - -30. Suppose -2*w + 20 = 5*n, -2*w - n + o = 3*w. What is the highest common factor of q and w?
5
Suppose 4 = -2*q, 0 = 5*b - 4*q + 20 - 58. Let z(g) = 3*g**2 + 5*g - 2. Let o be z(4). What is the greatest common divisor of o and b?
6
Let w = 17 - 12. Let l(t) = 40*t**2 + 0 - 3 - 56*t**2 + 13 + w*t + t**3. Let f be l(16). Calculate the highest common factor of f and 10.
10
Let d be (-3)/(((-2)/198)/1). Let l = -1946 + 1979. What is the highest common factor of d and l?
33
Suppose 0 = -3*k + 7*k - 40. Let c be 3/7 - (-1108)/28. What is the greatest common divisor of c and k?
10
Suppose 3*j - 25*q = -26*q + 101, 0 = 3*q - 6. Let g(u) = -u**3 + 3*u**2 + 8*u + 5. Let i be g(-5). What is the highest common divisor of j and i?
33
Let u be (-4)/(2*(-2)/(-14)). Let j be ((-6)/4)/(u/252). Let t = j - 23. What is the greatest common factor of 32 and t?
4
Let w(p) = p**2 + 5*p + 1. Let x be w(-12). Suppose h - 6*h = x. Let k = 22 + h. Calculate the greatest common factor of k and 25.
5
Let f(s) = s**3 + 13*s**2 - 31*s + 27. Let t be f(-15). What is the greatest common divisor of t and 168?
42
Suppose -115*o - 20 = -116*o. Suppose o*x - 10*x - 90 = 0. Calculate the greatest common factor of x and 2.
1
Suppose -2*m + 24 = -3*y, m + 3 = 4*y + 25. Suppose 5*j = 3*p + 14, 3*p + 5*j - 12 = 14. Let w = p + 13. What is the greatest common factor of w and m?
3
Suppose s - 2*y - 7 = 0, 6*y - 16 = -4*s + 2*y. Suppose -s*q = -2*j + 442, 0 = 4*j - 3*q - q - 872. Calculate the greatest common divisor of 24 and j.
24
Suppose -3*p + 370 = 3*s + 121, 3*s - 243 = -5*p. Calculate the greatest common factor of 4042 and s.
86
Suppose -6*n - 542 = 8*x - 13*x, n = 3. Calculate the highest common divisor of 308 and x.
28
Suppose 2*g - 3 = 5. Suppose -2*d = 4*o - 240, 3*d - 425 = -d + 3*o. Let x = -74 + d. What is the greatest common divisor of g and x?
4
Let m(a) = 6*a + 49. Let j be m(33). Calculate the highest common factor of 19 and j.
19
Suppose -4*r - 8 - 8 = -5*s, r = -4*s - 4. Suppose f = -n - 3*f, s = -4*n - 5*f + 33. Calculate the greatest common divisor of 240 and n.
12
Suppose 10*g - 18 - 112 = 0. Calculate the greatest common factor of g and 221.
13
Let u(d) = 101*d**2 - 2*d + 1. Let j be u(1). Let z be (-1)/(2/(-600)*-4). Let g = -35 - z. Calculate the highest common factor of g and j.
20
Suppose 4*c + 2*o = 344, -156 = -22*c + 20*c - 5*o. Calculate the greatest common factor of 550 and c.
22
Let a = 42 - -56